3 + 2*g**3 + 5 - 2*g + g. Suppose -j - 2 = -0. What is p(j)?
-4
Let o(w) = 10 - 13*w**2 + 12*w**2 + 7*w - 11. Calculate o(6).
5
Let f(p) be the first derivative of p**5/60 + 7*p**4/24 + 3*p**3/2 + 2*p**2 + 4. Let i(v) be the second derivative of f(v). What is i(-6)?
3
Let x(g) be the third derivative of -g**5/60 + g**4/24 + g**3/3 - 18*g**2. Let o = -5 + 9. Suppose -3*c + o*c - 3 = 0. Give x(c).
-4
Let p(m) be the first derivative of -5/24*m**4 - 1/60*m**5 + 0*m - 3/2*m**2 + 1/2*m**3 - 1. Let z(v) be the second derivative of p(v). Give z(-5).
3
Let q(a) be the third derivative of a**6/60 - a**5/15 + a**4/8 - a**3/3 - a**2. Suppose -2*d - d = -6. Calculate q(d).
4
Let n(z) = -z**3 - 5*z**2 - 5*z - 1. Let q be n(-4). Let r = q + -5. Let k = -1 + r. Let u(f) = -f**3 - 4*f**2 - 2*f + 1. Calculate u(k).
-2
Let k(p) = 4*p**3 - p**2 - p - 1. Suppose -3*t = 3*s, 0*s - s + 5*t = 18. Let v(j) = -5*j**3 + j**2 + j + 2. Let g(d) = s*v(d) - 4*k(d). Determine g(-2).
8
Let j(p) = p**3 - 2*p**2 + 3*p - 2. Let v(k) = 3*k**3 - 5*k**2 + 9*k - 5. Let w(r) = 17*j(r) - 6*v(r). Let s = -9 + 6. Give w(s).
-4
Let r be 6/(-9) - 4/12. Let s(b) be the first derivative of 2*b**2 + b + 1. What is s(r)?
-3
Suppose -3*n + 3 = -0*n. Let l(c) be the third derivative of -7*c**4/24 + c**3/6 - 4*c**2 + 4*c. Give l(n).
-6
Let m(w) = 55 - 55 - w. Let b(a) = -4*a + 10. Let d(u) = -5*u + 9. Let s(n) = -4*b(n) + 3*d(n). Let v be s(9). Determine m(v).
4
Suppose 0 = 3*f - 5*x - 43, -2*x = -4*f - 5*x + 9. Let b(y) = -4 + 2 + y - f. Suppose 15*j - 12 = 12*j. Determine b(j).
-4
Suppose -q - 10 = 4*h, -2*q + 2*h = -0*h. Let f(a) = 0*a - 2 + 5*a + 1. Determine f(q).
-11
Suppose 0 = -z - 0*z + 1. Let f(c) = -9*c + 1. Calculate f(z).
-8
Let a(n) be the third derivative of n**5/60 - 5*n**4/24 - n**3 - 15*n**2. Give a(5).
-6
Let g(h) = h**2 - 7*h. Let n(m) = -2*m - 5. Let d be n(-5). Give g(d).
-10
Let h(j) = 3*j. Let a = -26 - -25. What is h(a)?
-3
Let z(t) = -2*t**2 + 2*t - 4. Let b(x) = x**2 - 2*x + 5. Let r = 7 + -1. Let g(v) = r*z(v) + 5*b(v). Let d(q) = 2*q + 1. Let l be d(-1). What is g(l)?
-8
Let p(h) = 14*h**2 - 7*h**2 - 3 - 8*h**2 + 4*h. Determine p(2).
1
Let c(a) = a**3 - 5*a**2 + 3*a - 7. Let u = 4 + -8. Let y be u/(-14) - 88/14. Let t(l) = -l - 1. Let z be t(y). Give c(z).
8
Let s(r) = 2*r + 2. Let g(f) = f**3 + 2*f**2 - 2. Let i be g(-2). Let z be 4*(-2 - i - 1). Determine s(z).
-6
Let p(v) = 4*v**3 - 10*v**2 + 8*v - 2. Let k(l) = 3*l**3 - 9*l**2 + 7*l - 3. Let b(q) = 3*k(q) - 2*p(q). Calculate b(6).
-11
Let x(m) = 39*m + 4 - 5 - 32*m. Calculate x(-1).
-8
Let i(r) = 8*r + 1. Suppose 0 = -3*f - 4*a + 9, -2 = -f - 4*a + 3*a. Calculate i(f).
-7
Let d(p) be the first derivative of 4 - 4*p - 1/4*p**4 - 1/3*p**3 + 3/2*p**2. Determine d(-3).
5
Suppose 0 = -p - p - 4. Let z(k) = -7*k**3 + 6*k**3 - 3*k**2 - 4*k - 1 - 1. Determine z(p).
2
Let a(o) = o**3 + 5*o**2 + 4*o + 3. Let t = -10 - -6. Determine a(t).
3
Let g(m) = -4*m + 9*m**2 - 4*m**2 - 3*m**2 + 4 - m**2. Give g(5).
9
Let b(z) = z**2 - 2*z - 1. Suppose -3*d + n - 31 = 0, n + 0 = 4. Let v = -6 - d. Give b(v).
2
Let m(y) = -y**3 + 7*y**2 + 2*y - 8. Let t = -25 + 58. Suppose 30 = 4*d - 3*u + 4*u, -t = -5*d + u. Determine m(d).
6
Let r(z) = z**2 + z + 1. Let k(s) = -s**2 + 4*s + 4. Let d(v) = -k(v) - 2*r(v). Determine d(-6).
-6
Let r(n) = 1. Suppose 0 = 7*v - 3*v - 20. Let d(h) = -3*h - 12. Let x(b) = v*r(b) + d(b). Calculate x(-5).
8
Let a(b) be the first derivative of 0*b**2 + 0*b - 1/3*b**3 + 4. Determine a(-3).
-9
Let r(p) = -p**3 + 6*p**2 - 7. Let z be (-14)/77 + (-442)/(-11). Suppose 4*o = 2*f + 2*f + z, -4*f = -3*o + 34. Give r(o).
-7
Let l(n) be the first derivative of 3 + 0*n + 1/2*n**2. Determine l(1).
1
Let g(c) = 4 - 2*c - 4*c + 7*c. Calculate g(-6).
-2
Let b(z) = 17*z - 21. Let l(c) = -4*c + 5. Let k(j) = -2*b(j) - 9*l(j). Determine k(5).
7
Let m(d) = d**2 + 6*d + 5. Suppose -2 = 5*g - 6*g. Let t(o) = 2*o**3 - 3*o**2 + o - 2. Let i be t(g). Let w be -2 + i + 0 + -7. Calculate m(w).
0
Let n(y) = -y + 4. Let x be n(0). Suppose 0 = m + x*m - 25. Let c(k) = 5 - m - k. What is c(-1)?
1
Let m(n) = -2*n. Let w = 27 - 24. Give m(w).
-6
Let h be (15/(-12))/((-1)/(-4)). Let v(j) be the first derivative of 1/3*j**3 + 8 - 4*j + 5/2*j**2. Calculate v(h).
-4
Let g be (-1)/(-2)*(1 - 3). Let i(a) = -2*a**3 - 4*a**2 + 5*a. Let f(w) = -w**3 - 3*w**2 + 4*w. Let t(r) = -5*f(r) + 4*i(r). Determine t(g).
2
Let t(x) = -x**3 - 2*x**2 + 4*x + 2. Suppose 0 = 2*w - 4*h + 8, 4*h - 22 = -5*w. Let m be ((-24)/(-15))/(w/(-10)). Let l = m + 5. Give t(l).
-1
Let x(t) = -t**2 + 2*t + 2. Suppose -18 = -3*p - 3*l, -3*p = 2*p - 5*l - 70. Suppose -8*z + 3*z = -p. Determine x(z).
2
Let g(a) = a. Let x(z) = -z**2 + 2*z - 1. Suppose -4*r + 10 = r. Let m be x(r). What is g(m)?
-1
Let t(k) = -4*k**2 - 4*k + 1. Let i(n) = -n**2 - 1. Let v = 8 + -9. Let b(s) = v*t(s) + 5*i(s). Give b(4).
-6
Suppose 3 = -5*z + 13. Let a(g) = 5 - 6 + 3 + z + g. Calculate a(3).
7
Suppose 40 = q + 3*q + 5*f, 0 = 2*q + f - 26. Suppose -3*u = -0*u - q. Let a(x) = -3*x - 1. Let z(g) = -7*g - 1. Let k(y) = -9*a(y) + 4*z(y). What is k(u)?
0
Let d(l) = -l + 2 - l**2 + l + l. Let k(p) = -p**3 - 6*p**2 + 8*p + 9. Let f be k(-7). Suppose 0 = -f*m + 1 + 3. Determine d(m).
0
Let t(y) = -y**2 - 3*y + 4. Let u(g) = 2*g**2 + 35*g - 22. Let h be u(-18). Calculate t(h).
0
Suppose 0 = t - 3*c + 11, 4*t + 5*c - 55 = -14. Let j(b) = b**2 - 2 - 2*b - b + t*b. Determine j(0).
-2
Let x(d) = d**2 + 3*d - 7. Let p = -13 + 18. Let h(v) = 12*v**3 - 1. Let s be h(1). Suppose -2*n - 3*c + s = 30, -2*c + 19 = -p*n. Determine x(n).
3
Let b(y) be the first derivative of -y**2/2 - 8*y - 17. Give b(-9).
1
Let r(a) be the third derivative of -a**5/60 + a**4/24 - a**3/2 + 22*a**2. Calculate r(3).
-9
Let x be 5/((-45)/42) + (-1)/3. Let g(t) = -t**3 - 6*t**2 - t - 2. Calculate g(x).
-22
Let c(j) be the third derivative of -j**6/720 - j**5/24 + j**4/24 - 2*j**2. Let q(f) be the second derivative of c(f). Calculate q(-5).
0
Let u be 2/7 - 30/7. Let n(r) = -2*r - 2. Let z(m) = 1. Let p(v) = n(v) - 2*z(v). Let w(f) = f + 2. Let q(h) = 4*p(h) + 9*w(h). Determine q(u).
-2
Let k(v) = -v**2 - v + 2. Let z be k(-3). Let y(c) = -2*c**2 - 5*c - 3. Let f(b) = -3*b**2 - 8*b - 4. Let a(g) = 5*f(g) - 7*y(g). Determine a(z).
5
Let i(x) be the third derivative of 0*x - 1/12*x**4 - 1/3*x**3 + 4*x**2 + 0. What is i(2)?
-6
Let t(x) = -x**3 + 8*x**2 - 6*x - 8. Let y be t(7). Let n = 1 + 1. Let r(l) = 6*l**2 + l**2 + 2*l**n. Calculate r(y).
9
Suppose -3*w = -8*w + 4*d, 5*w + 2*d = 0. Let y(f) = f - 2*f + 1 + 2*f + w*f**2 - f**2. Let p(o) = -o**2 - 6*o - 5. Let j be p(-4). Determine y(j).
-5
Let d(x) = x**2 + 5*x + 5. Let m be 6*(3 - (-55)/(-15)). What is d(m)?
1
Let y(z) = -z**3 + 4*z**2 - 2*z. Let d(w) be the first derivative of -2*w - 3 - 5/2*w**2 + 1/3*w**3. Let x be d(6). Calculate y(x).
-8
Let n(f) = f**3 + 2*f - 3 + 1 - 6*f**2 - 2 - 3. Let q(t) = -t**3 - 5*t**2 - 3*t + 1 + 0*t**2 + 2*t. Let g be q(-5). Determine n(g).
5
Let x(t) = 2*t + 92 - 89 - t. Give x(-4).
-1
Let y(d) = d**2 + 1. Let r(z) = 2*z**2 + 3*z + 4. Let c(w) = -r(w) + 4*y(w). What is c(2)?
2
Suppose 16*m - 4 = 15*m. Let s(n) = -n**2 + 6*n - 4. Let g be s(m). Let z(i) = i**3 - 5*i**2 + 2*i + 4. What is z(g)?
-4
Suppose -7 = 4*v - 15. Let f(o) = -1 - o - o + 0*o**v - o**2 + o. Determine f(-2).
-3
Let n(z) be the second derivative of -z**4/12 - 2*z**3/3 + 3*z**2 + z. Let c(l) = 2*l**2 + 9*l - 13. Let h(v) = -4*c(v) - 9*n(v). Determine h(-3).
7
Let n(b) be the first derivative of 2*b**3/3 + 3*b**2/2 + 3*b + 1. Let u be (2/(-1))/((-4)/(-8)). Let t = u - -2. What is n(t)?
5
Let c(l) = 3*l - 5. Let x(d) = -4*d + 6. Let z(n) = 7*c(n) + 6*x(n). Determine z(5).
-14
Let a(k) = k**2 - 8*k + 1. Let y be a(9). Let m be 1/(y/12 + -1). Let v(s) = s**2 + 6*s - 2. Let z be v(m). Let l(f) = 2*f. Determine l(z).
-4
Let d(w) = 2*w - 22. Let c(o) = -3*o + 33. Let p(u) = -5*c(u) - 8*d(u). Give p(5).
6
Suppose f = 3*f - 2. Let h(p) = -p**3. Determine h(f).
-1
Suppose -2 - 2 = -4*b. Let r(k) = k**2 - 3*k + 4. Let c(s) = 3*s**2 - 7*s + 9. Let a be 632/72 + 2/9. Let x(g) = a*r(g) - 4*c(g). Calculate x(b).
-2
Let a be 1/(-4)*2*0. Suppose 0 = 3*k - 3*x - a*x + 6, -3*x + 30 = 5*k. Let z(n) = -n**3 + 0*